{"id":3051,"date":"2024-03-01T23:40:59","date_gmt":"2024-03-01T22:40:59","guid":{"rendered":"https:\/\/www.clipweb.fr\/videaste\/?page_id=3051"},"modified":"2024-03-02T00:24:17","modified_gmt":"2024-03-01T23:24:17","slug":"agence-production-video","status":"publish","type":"page","link":"https:\/\/www.clipweb.fr\/videaste\/agence-production-video\/","title":{"rendered":"Agence Vid\u00e9o"},"content":{"rendered":"\t\t<div data-elementor-type=\"wp-page\" data-elementor-id=\"3051\" class=\"elementor elementor-3051\">\n\t\t\t\t<div class=\"elementor-element elementor-element-e94f188 e-flex e-con-boxed e-con e-parent\" data-id=\"e94f188\" data-element_type=\"container\" data-e-type=\"container\">\n\t\t\t\t\t<div class=\"e-con-inner\">\n\t\t\t\t<div class=\"elementor-element elementor-element-24c54bf elementor-widget elementor-widget-heading\" data-id=\"24c54bf\" data-element_type=\"widget\" data-e-type=\"widget\" data-widget_type=\"heading.default\">\n\t\t\t\t<div class=\"elementor-widget-container\">\n\t\t\t\t\t<h2 class=\"elementor-heading-title elementor-size-default\">Production Vid\u00e9o<\/h2>\t\t\t\t<\/div>\n\t\t\t\t<\/div>\n\t\t\t\t<div class=\"elementor-element elementor-element-4b5aac9 elementor-widget elementor-widget-text-editor\" data-id=\"4b5aac9\" data-element_type=\"widget\" data-e-type=\"widget\" data-widget_type=\"text-editor.default\">\n\t\t\t\t<div class=\"elementor-widget-container\">\n\t\t\t\t\t\t\t\t\t<p>ClipWeb.fr est le service et l&rsquo;agence de production vid\u00e9o de la SARL REFLEXHAUT<\/p>\t\t\t\t\t\t\t\t<\/div>\n\t\t\t\t<\/div>\n\t\t\t\t<div class=\"elementor-element elementor-element-e8d24c3 elementor-widget elementor-widget-heading\" data-id=\"e8d24c3\" data-element_type=\"widget\" data-e-type=\"widget\" data-widget_type=\"heading.default\">\n\t\t\t\t<div class=\"elementor-widget-container\">\n\t\t\t\t\t<h3 class=\"elementor-heading-title elementor-size-default\">Plus de 15ans d'exp\u00e9rience et d'expertise<\/h3>\t\t\t\t<\/div>\n\t\t\t\t<\/div>\n\t\t\t\t<div class=\"elementor-element elementor-element-f401c4f elementor-widget elementor-widget-text-editor\" data-id=\"f401c4f\" data-element_type=\"widget\" data-e-type=\"widget\" data-widget_type=\"text-editor.default\">\n\t\t\t\t<div class=\"elementor-widget-container\">\n\t\t\t\t\t\t\t\t\t<p>Depuis 2007 maintenant, bas\u00e9 \u00e0 Villiers-en-Plaine \u00e0 10min de Niort (79), \u00e0 La Maison de l&rsquo;Image (LMDI), <strong>ClipWeb.fr <\/strong>est sp\u00e9cialis\u00e9 dans les prestations et productions vid\u00e9os en solo ou en \u00e9quipe l\u00e9g\u00e8re sur tout le Grand-Ouest de la France.<\/p><p>Depuis 2023 et plus de 15ans de m\u00e9tier \u00e0 vous accompagner et mettre en vid\u00e9o tous vos moments et \u00e9v\u00e9nements, nous avons r\u00e9organis\u00e9 les activit\u00e9s de production du studio.<br \/>Nous avons repens\u00e9 nos communications et le d\u00e9coupage de nos activit\u00e9s pour mieux vous servir pour encore des ann\u00e9es.<\/p>\t\t\t\t\t\t\t\t<\/div>\n\t\t\t\t<\/div>\n\t\t\t\t<div class=\"elementor-element elementor-element-79ed062 elementor-view-default elementor-widget elementor-widget-icon\" data-id=\"79ed062\" data-element_type=\"widget\" data-e-type=\"widget\" data-widget_type=\"icon.default\">\n\t\t\t\t<div class=\"elementor-widget-container\">\n\t\t\t\t\t\t\t<div class=\"elementor-icon-wrapper\">\n\t\t\t<div class=\"elementor-icon\">\n\t\t\t<svg aria-hidden=\"true\" class=\"e-font-icon-svg e-fas-star\" viewBox=\"0 0 576 512\" xmlns=\"http:\/\/www.w3.org\/2000\/svg\"><path d=\"M259.3 17.8L194 150.2 47.9 171.5c-26.2 3.8-36.7 36.1-17.7 54.6l105.7 103-25 145.5c-4.5 26.3 23.2 46 46.4 33.7L288 439.6l130.7 68.7c23.2 12.2 50.9-7.4 46.4-33.7l-25-145.5 105.7-103c19-18.5 8.5-50.8-17.7-54.6L382 150.2 316.7 17.8c-11.7-23.6-45.6-23.9-57.4 0z\"><\/path><\/svg>\t\t\t<\/div>\n\t\t<\/div>\n\t\t\t\t\t\t<\/div>\n\t\t\t\t<\/div>\n\t\t\t\t<div class=\"elementor-element elementor-element-c072dce elementor-widget elementor-widget-heading\" data-id=\"c072dce\" data-element_type=\"widget\" data-e-type=\"widget\" data-widget_type=\"heading.default\">\n\t\t\t\t<div class=\"elementor-widget-container\">\n\t\t\t\t\t<h2 class=\"elementor-heading-title elementor-size-default\">Deux identit\u00e9s de production vid\u00e9o<\/h2>\t\t\t\t<\/div>\n\t\t\t\t<\/div>\n\t\t\t\t<div class=\"elementor-element elementor-element-0a3b1f5 elementor-widget elementor-widget-text-editor\" data-id=\"0a3b1f5\" data-element_type=\"widget\" data-e-type=\"widget\" data-widget_type=\"text-editor.default\">\n\t\t\t\t<div class=\"elementor-widget-container\">\n\t\t\t\t\t\t\t\t\t<p>Pour mieux vous servir, nous avons d\u00e9sormais deux marques, deux identit\u00e9s, mais bien une m\u00eame passion. La Passion de l&rsquo;image. M\u00eame si les productions et services sont d\u00e9sormais d\u00e9coup\u00e9s en deux identit\u00e9s pour mieux servir nos diff\u00e9rents clients, vous trouverez encore et et toujours ce qui fait la force de notre studio depuis plus de 15ans. Notre professionnalisme, notre engagement, notre fiabilit\u00e9 et notre passion pour tous nos clients. Que ce soit pour une petite association locale, un petit ind\u00e9pendant, une TPE ou un grand groupe du CAC40 Fran\u00e7ais, depuis toujours et \u00e0 travers nos r\u00e9f\u00e9rences, nous avons d\u00e9montr\u00e9 notre engagement total pour vous.<br \/>Retrouvez d\u00e9sormais notre expertise et notre exp\u00e9rience \u00e0 travers nos 2 marques :<\/p>\t\t\t\t\t\t\t\t<\/div>\n\t\t\t\t<\/div>\n\t\t\t\t<div class=\"elementor-element elementor-element-38e0158 elementor-widget elementor-widget-heading\" data-id=\"38e0158\" data-element_type=\"widget\" data-e-type=\"widget\" data-widget_type=\"heading.default\">\n\t\t\t\t<div class=\"elementor-widget-container\">\n\t\t\t\t\t<h3 class=\"elementor-heading-title elementor-size-default\">ClipWeb.fr<\/h3>\t\t\t\t<\/div>\n\t\t\t\t<\/div>\n\t\t\t\t<div class=\"elementor-element elementor-element-e68ffa4 elementor-widget elementor-widget-text-editor\" data-id=\"e68ffa4\" data-element_type=\"widget\" data-e-type=\"widget\" data-widget_type=\"text-editor.default\">\n\t\t\t\t<div class=\"elementor-widget-container\">\n\t\t\t\t\t\t\t\t\t<p>Vous trouverez d\u00e9sormais sur notre site, sur ce site tous nos services li\u00e9s \u00e0 la <strong>Production Vid\u00e9o<\/strong>, <strong>Captation Vid\u00e9o<\/strong>, <strong>Captation de Spectacle<\/strong>, <b>Film de Gala<\/b>, r\u00e9alisation de <strong>Teaser Vid\u00e9o<\/strong> et production de <strong>Clip Musical.<\/strong><\/p>\t\t\t\t\t\t\t\t<\/div>\n\t\t\t\t<\/div>\n\t\t\t\t<div class=\"elementor-element elementor-element-2e57c25 elementor-widget elementor-widget-spacer\" data-id=\"2e57c25\" data-element_type=\"widget\" data-e-type=\"widget\" data-widget_type=\"spacer.default\">\n\t\t\t\t<div class=\"elementor-widget-container\">\n\t\t\t\t\t\t\t<div class=\"elementor-spacer\">\n\t\t\t<div class=\"elementor-spacer-inner\"><\/div>\n\t\t<\/div>\n\t\t\t\t\t\t<\/div>\n\t\t\t\t<\/div>\n\t\t\t\t<div class=\"elementor-element elementor-element-210a6e3 elementor-widget elementor-widget-heading\" data-id=\"210a6e3\" data-element_type=\"widget\" data-e-type=\"widget\" data-widget_type=\"heading.default\">\n\t\t\t\t<div class=\"elementor-widget-container\">\n\t\t\t\t\t<h3 class=\"elementor-heading-title elementor-size-default\">Au45.fr<\/h3>\t\t\t\t<\/div>\n\t\t\t\t<\/div>\n\t\t\t\t<div class=\"elementor-element elementor-element-9120c92 elementor-widget elementor-widget-text-editor\" data-id=\"9120c92\" data-element_type=\"widget\" data-e-type=\"widget\" data-widget_type=\"text-editor.default\">\n\t\t\t\t<div class=\"elementor-widget-container\">\n\t\t\t\t\t\t\t\t\t<p>Depuis 2023, nous avons cr\u00e9\u00e9 la nouvelle marque et les nouveaux services d\u00e9di\u00e9s aux professionnels, collectivit\u00e9s et administrations. Cette nouvelle marque reprend tous nos services d\u00e9di\u00e9s \u00e0 la production et \u00e0 la cr\u00e9ation visuelle, dont tous les services de production vid\u00e9o professionnelle : <b>Film d&rsquo;Entreprise, Film Publicitaire, Vid\u00e9o Event, &#8230;.<br \/>&gt; Retrouvez tous ces services sur ce site d\u00e9di\u00e9 :<\/b><\/p>\t\t\t\t\t\t\t\t<\/div>\n\t\t\t\t<\/div>\n\t\t\t\t<div class=\"elementor-element elementor-element-c9ac094 elementor-align-center elementor-widget elementor-widget-button\" data-id=\"c9ac094\" data-element_type=\"widget\" data-e-type=\"widget\" data-widget_type=\"button.default\">\n\t\t\t\t<div class=\"elementor-widget-container\">\n\t\t\t\t\t\t\t\t\t<div class=\"elementor-button-wrapper\">\n\t\t\t\t\t<a class=\"elementor-button elementor-button-link elementor-size-md\" href=\"https:\/\/www.au45.fr\/production-audiovisuelle\/\" target=\"_blank\">\n\t\t\t\t\t\t<span class=\"elementor-button-content-wrapper\">\n\t\t\t\t\t\t\t\t\t<span class=\"elementor-button-text\">Agence - Au45.FR<\/span>\n\t\t\t\t\t<\/span>\n\t\t\t\t\t<\/a>\n\t\t\t\t<\/div>\n\t\t\t\t\t\t\t\t<\/div>\n\t\t\t\t<\/div>\n\t\t\t\t<div class=\"elementor-element elementor-element-e5a23f8 elementor-view-default elementor-widget elementor-widget-icon\" data-id=\"e5a23f8\" data-element_type=\"widget\" data-e-type=\"widget\" data-widget_type=\"icon.default\">\n\t\t\t\t<div class=\"elementor-widget-container\">\n\t\t\t\t\t\t\t<div class=\"elementor-icon-wrapper\">\n\t\t\t<div class=\"elementor-icon\">\n\t\t\t<svg aria-hidden=\"true\" class=\"e-font-icon-svg e-fas-star\" viewBox=\"0 0 576 512\" xmlns=\"http:\/\/www.w3.org\/2000\/svg\"><path d=\"M259.3 17.8L194 150.2 47.9 171.5c-26.2 3.8-36.7 36.1-17.7 54.6l105.7 103-25 145.5c-4.5 26.3 23.2 46 46.4 33.7L288 439.6l130.7 68.7c23.2 12.2 50.9-7.4 46.4-33.7l-25-145.5 105.7-103c19-18.5 8.5-50.8-17.7-54.6L382 150.2 316.7 17.8c-11.7-23.6-45.6-23.9-57.4 0z\"><\/path><\/svg>\t\t\t<\/div>\n\t\t<\/div>\n\t\t\t\t\t\t<\/div>\n\t\t\t\t<\/div>\n\t\t\t\t<div class=\"elementor-element elementor-element-95a993b elementor-align-center elementor-widget elementor-widget-button\" data-id=\"95a993b\" data-element_type=\"widget\" data-e-type=\"widget\" data-widget_type=\"button.default\">\n\t\t\t\t<div class=\"elementor-widget-container\">\n\t\t\t\t\t\t\t\t\t<div class=\"elementor-button-wrapper\">\n\t\t\t\t\t<a class=\"elementor-button elementor-button-link elementor-size-lg\" href=\"https:\/\/www.clipweb.fr\/videaste\/contact-devis-videaste\/\">\n\t\t\t\t\t\t<span class=\"elementor-button-content-wrapper\">\n\t\t\t\t\t\t\t\t\t<span class=\"elementor-button-text\">&gt; Pour toutes vos demandes de Devis ou Contact &lt;<\/span>\n\t\t\t\t\t<\/span>\n\t\t\t\t\t<\/a>\n\t\t\t\t<\/div>\n\t\t\t\t\t\t\t\t<\/div>\n\t\t\t\t<\/div>\n\t\t\t\t\t<\/div>\n\t\t\t\t<\/div>\n\t\t\t\t<\/div>\n\t\t","protected":false},"excerpt":{"rendered":"<p>Production Vid\u00e9o ClipWeb.fr est le service et l&rsquo;agence de production vid\u00e9o de la SARL REFLEXHAUT Plus de 15ans d&rsquo;exp\u00e9rience et d&rsquo;expertise Depuis 2007 maintenant, bas\u00e9 \u00e0 Villiers-en-Plaine \u00e0 10min de Niort (79), \u00e0 La Maison de l&rsquo;Image (LMDI), ClipWeb.fr est sp\u00e9cialis\u00e9 dans les prestations et productions vid\u00e9os en solo ou&#8230;<\/p>\n","protected":false},"author":1,"featured_media":0,"parent":0,"menu_order":0,"comment_status":"closed","ping_status":"closed","template":"","meta":{"footnotes":""},"class_list":["post-3051","page","type-page","status-publish","hentry"],"acf":[],"yoast_head":"<!-- This site is optimized with the Yoast SEO plugin v27.5 - https:\/\/yoast.com\/product\/yoast-seo-wordpress\/ -->\n<title>Agence Vid\u00e9o - Vid\u00e9aste Professionnel<\/title>\n<meta name=\"robots\" content=\"index, follow, max-snippet:-1, max-image-preview:large, max-video-preview:-1\" \/>\n<link rel=\"canonical\" href=\"https:\/\/www.clipweb.fr\/videaste\/agence-production-video\/\" \/>\n<meta property=\"og:locale\" content=\"fr_FR\" \/>\n<meta property=\"og:type\" content=\"article\" \/>\n<meta property=\"og:title\" content=\"Agence Vid\u00e9o - Vid\u00e9aste Professionnel\" \/>\n<meta property=\"og:description\" content=\"Production Vid\u00e9o ClipWeb.fr est le service et l&rsquo;agence de production vid\u00e9o de la SARL REFLEXHAUT Plus de 15ans d&rsquo;exp\u00e9rience et d&rsquo;expertise Depuis 2007 maintenant, bas\u00e9 \u00e0 Villiers-en-Plaine \u00e0 10min de Niort (79), \u00e0 La Maison de l&rsquo;Image (LMDI), ClipWeb.fr est sp\u00e9cialis\u00e9 dans les prestations et productions vid\u00e9os en solo ou...\" \/>\n<meta property=\"og:url\" content=\"https:\/\/www.clipweb.fr\/videaste\/agence-production-video\/\" \/>\n<meta property=\"og:site_name\" content=\"Vid\u00e9aste Professionnel\" \/>\n<meta property=\"article:publisher\" content=\"https:\/\/www.facebook.com\/ClipWeb.fr\" \/>\n<meta property=\"article:modified_time\" content=\"2024-03-01T23:24:17+00:00\" \/>\n<meta name=\"twitter:card\" content=\"summary_large_image\" \/>\n<meta name=\"twitter:label1\" content=\"Dur\u00e9e de lecture estim\u00e9e\" \/>\n\t<meta name=\"twitter:data1\" content=\"2 minutes\" \/>\n<script type=\"application\/ld+json\" class=\"yoast-schema-graph\">{\"@context\":\"https:\\\/\\\/schema.org\",\"@graph\":[{\"@type\":\"WebPage\",\"@id\":\"https:\\\/\\\/www.clipweb.fr\\\/videaste\\\/agence-production-video\\\/\",\"url\":\"https:\\\/\\\/www.clipweb.fr\\\/videaste\\\/agence-production-video\\\/\",\"name\":\"Agence Vid\u00e9o - Vid\u00e9aste Professionnel\",\"isPartOf\":{\"@id\":\"https:\\\/\\\/www.clipweb.fr\\\/videaste\\\/#website\"},\"datePublished\":\"2024-03-01T22:40:59+00:00\",\"dateModified\":\"2024-03-01T23:24:17+00:00\",\"breadcrumb\":{\"@id\":\"https:\\\/\\\/www.clipweb.fr\\\/videaste\\\/agence-production-video\\\/#breadcrumb\"},\"inLanguage\":\"fr-FR\",\"potentialAction\":[{\"@type\":\"ReadAction\",\"target\":[\"https:\\\/\\\/www.clipweb.fr\\\/videaste\\\/agence-production-video\\\/\"]}]},{\"@type\":\"BreadcrumbList\",\"@id\":\"https:\\\/\\\/www.clipweb.fr\\\/videaste\\\/agence-production-video\\\/#breadcrumb\",\"itemListElement\":[{\"@type\":\"ListItem\",\"position\":1,\"name\":\"Accueil\",\"item\":\"https:\\\/\\\/www.clipweb.fr\\\/videaste\\\/\"},{\"@type\":\"ListItem\",\"position\":2,\"name\":\"Agence Vid\u00e9o\"}]},{\"@type\":\"WebSite\",\"@id\":\"https:\\\/\\\/www.clipweb.fr\\\/videaste\\\/#website\",\"url\":\"https:\\\/\\\/www.clipweb.fr\\\/videaste\\\/\",\"name\":\"Vid\u00e9aste Professionnel\",\"description\":\"Production Vid\u00e9o - Captation Vid\u00e9o\",\"publisher\":{\"@id\":\"https:\\\/\\\/www.clipweb.fr\\\/videaste\\\/#organization\"},\"potentialAction\":[{\"@type\":\"SearchAction\",\"target\":{\"@type\":\"EntryPoint\",\"urlTemplate\":\"https:\\\/\\\/www.clipweb.fr\\\/videaste\\\/?s={search_term_string}\"},\"query-input\":{\"@type\":\"PropertyValueSpecification\",\"valueRequired\":true,\"valueName\":\"search_term_string\"}}],\"inLanguage\":\"fr-FR\"},{\"@type\":\"Organization\",\"@id\":\"https:\\\/\\\/www.clipweb.fr\\\/videaste\\\/#organization\",\"name\":\"Vid\u00e9aste Professionnel\",\"url\":\"https:\\\/\\\/www.clipweb.fr\\\/videaste\\\/\",\"logo\":{\"@type\":\"ImageObject\",\"inLanguage\":\"fr-FR\",\"@id\":\"https:\\\/\\\/www.clipweb.fr\\\/videaste\\\/#\\\/schema\\\/logo\\\/image\\\/\",\"url\":\"https:\\\/\\\/www.clipweb.fr\\\/videaste\\\/wp-content\\\/uploads\\\/2023\\\/12\\\/ClipWeb-fr_REFELXHAUT_2312a_250x75n.png\",\"contentUrl\":\"https:\\\/\\\/www.clipweb.fr\\\/videaste\\\/wp-content\\\/uploads\\\/2023\\\/12\\\/ClipWeb-fr_REFELXHAUT_2312a_250x75n.png\",\"width\":250,\"height\":75,\"caption\":\"Vid\u00e9aste Professionnel\"},\"image\":{\"@id\":\"https:\\\/\\\/www.clipweb.fr\\\/videaste\\\/#\\\/schema\\\/logo\\\/image\\\/\"},\"sameAs\":[\"https:\\\/\\\/www.facebook.com\\\/ClipWeb.fr\",\"https:\\\/\\\/www.instagram.com\\\/clipweb.fr\"]}]}<\/script>\n<!-- \/ Yoast SEO plugin. -->","yoast_head_json":{"title":"Agence Vid\u00e9o - Vid\u00e9aste Professionnel","robots":{"index":"index","follow":"follow","max-snippet":"max-snippet:-1","max-image-preview":"max-image-preview:large","max-video-preview":"max-video-preview:-1"},"canonical":"https:\/\/www.clipweb.fr\/videaste\/agence-production-video\/","og_locale":"fr_FR","og_type":"article","og_title":"Agence Vid\u00e9o - Vid\u00e9aste Professionnel","og_description":"Production Vid\u00e9o ClipWeb.fr est le service et l&rsquo;agence de production vid\u00e9o de la SARL REFLEXHAUT Plus de 15ans d&rsquo;exp\u00e9rience et d&rsquo;expertise Depuis 2007 maintenant, bas\u00e9 \u00e0 Villiers-en-Plaine \u00e0 10min de Niort (79), \u00e0 La Maison de l&rsquo;Image (LMDI), ClipWeb.fr est sp\u00e9cialis\u00e9 dans les prestations et productions vid\u00e9os en solo ou...","og_url":"https:\/\/www.clipweb.fr\/videaste\/agence-production-video\/","og_site_name":"Vid\u00e9aste Professionnel","article_publisher":"https:\/\/www.facebook.com\/ClipWeb.fr","article_modified_time":"2024-03-01T23:24:17+00:00","twitter_card":"summary_large_image","twitter_misc":{"Dur\u00e9e de lecture estim\u00e9e":"2 minutes"},"schema":{"@context":"https:\/\/schema.org","@graph":[{"@type":"WebPage","@id":"https:\/\/www.clipweb.fr\/videaste\/agence-production-video\/","url":"https:\/\/www.clipweb.fr\/videaste\/agence-production-video\/","name":"Agence Vid\u00e9o - Vid\u00e9aste Professionnel","isPartOf":{"@id":"https:\/\/www.clipweb.fr\/videaste\/#website"},"datePublished":"2024-03-01T22:40:59+00:00","dateModified":"2024-03-01T23:24:17+00:00","breadcrumb":{"@id":"https:\/\/www.clipweb.fr\/videaste\/agence-production-video\/#breadcrumb"},"inLanguage":"fr-FR","potentialAction":[{"@type":"ReadAction","target":["https:\/\/www.clipweb.fr\/videaste\/agence-production-video\/"]}]},{"@type":"BreadcrumbList","@id":"https:\/\/www.clipweb.fr\/videaste\/agence-production-video\/#breadcrumb","itemListElement":[{"@type":"ListItem","position":1,"name":"Accueil","item":"https:\/\/www.clipweb.fr\/videaste\/"},{"@type":"ListItem","position":2,"name":"Agence Vid\u00e9o"}]},{"@type":"WebSite","@id":"https:\/\/www.clipweb.fr\/videaste\/#website","url":"https:\/\/www.clipweb.fr\/videaste\/","name":"Vid\u00e9aste Professionnel","description":"Production Vid\u00e9o - Captation Vid\u00e9o","publisher":{"@id":"https:\/\/www.clipweb.fr\/videaste\/#organization"},"potentialAction":[{"@type":"SearchAction","target":{"@type":"EntryPoint","urlTemplate":"https:\/\/www.clipweb.fr\/videaste\/?s={search_term_string}"},"query-input":{"@type":"PropertyValueSpecification","valueRequired":true,"valueName":"search_term_string"}}],"inLanguage":"fr-FR"},{"@type":"Organization","@id":"https:\/\/www.clipweb.fr\/videaste\/#organization","name":"Vid\u00e9aste Professionnel","url":"https:\/\/www.clipweb.fr\/videaste\/","logo":{"@type":"ImageObject","inLanguage":"fr-FR","@id":"https:\/\/www.clipweb.fr\/videaste\/#\/schema\/logo\/image\/","url":"https:\/\/www.clipweb.fr\/videaste\/wp-content\/uploads\/2023\/12\/ClipWeb-fr_REFELXHAUT_2312a_250x75n.png","contentUrl":"https:\/\/www.clipweb.fr\/videaste\/wp-content\/uploads\/2023\/12\/ClipWeb-fr_REFELXHAUT_2312a_250x75n.png","width":250,"height":75,"caption":"Vid\u00e9aste Professionnel"},"image":{"@id":"https:\/\/www.clipweb.fr\/videaste\/#\/schema\/logo\/image\/"},"sameAs":["https:\/\/www.facebook.com\/ClipWeb.fr","https:\/\/www.instagram.com\/clipweb.fr"]}]}},"_links":{"self":[{"href":"https:\/\/www.clipweb.fr\/videaste\/wp-json\/wp\/v2\/pages\/3051","targetHints":{"allow":["GET"]}}],"collection":[{"href":"https:\/\/www.clipweb.fr\/videaste\/wp-json\/wp\/v2\/pages"}],"about":[{"href":"https:\/\/www.clipweb.fr\/videaste\/wp-json\/wp\/v2\/types\/page"}],"author":[{"embeddable":true,"href":"https:\/\/www.clipweb.fr\/videaste\/wp-json\/wp\/v2\/users\/1"}],"replies":[{"embeddable":true,"href":"https:\/\/www.clipweb.fr\/videaste\/wp-json\/wp\/v2\/comments?post=3051"}],"version-history":[{"count":13,"href":"https:\/\/www.clipweb.fr\/videaste\/wp-json\/wp\/v2\/pages\/3051\/revisions"}],"predecessor-version":[{"id":3065,"href":"https:\/\/www.clipweb.fr\/videaste\/wp-json\/wp\/v2\/pages\/3051\/revisions\/3065"}],"wp:attachment":[{"href":"https:\/\/www.clipweb.fr\/videaste\/wp-json\/wp\/v2\/media?parent=3051"}],"curies":[{"name":"wp","href":"https:\/\/api.w.org\/{rel}","templated":true}]}}