{"id":2653,"date":"2024-01-01T12:52:50","date_gmt":"2024-01-01T11:52:50","guid":{"rendered":"https:\/\/matchthemes.com\/demowp\/gleam\/?page_id=127"},"modified":"2024-03-02T01:06:06","modified_gmt":"2024-03-02T00:06:06","slug":"contact-devis-videaste","status":"publish","type":"page","link":"https:\/\/www.clipweb.fr\/videaste\/contact-devis-videaste\/","title":{"rendered":"Contact &#8211; Devis"},"content":{"rendered":"\t\t<div data-elementor-type=\"wp-post\" data-elementor-id=\"2653\" class=\"elementor elementor-2653\">\n\t\t\t\t<div class=\"elementor-element elementor-element-0629fda e-flex e-con-boxed e-con e-parent\" data-id=\"0629fda\" data-element_type=\"container\" data-e-type=\"container\">\n\t\t\t\t\t<div class=\"e-con-inner\">\n\t\t\t\t<div class=\"elementor-element elementor-element-c406200 elementor-widget elementor-widget-heading\" data-id=\"c406200\" data-element_type=\"widget\" data-e-type=\"widget\" data-widget_type=\"heading.default\">\n\t\t\t\t<div class=\"elementor-widget-container\">\n\t\t\t\t\t<h2 class=\"elementor-heading-title elementor-size-default\">Contact - Devis Vid\u00e9aste<\/h2>\t\t\t\t<\/div>\n\t\t\t\t<\/div>\n\t\t\t\t\t<\/div>\n\t\t\t\t<\/div>\n\t\t<div class=\"elementor-element elementor-element-c143dec e-flex e-con-boxed e-con e-parent\" data-id=\"c143dec\" data-element_type=\"container\" data-e-type=\"container\">\n\t\t\t\t\t<div class=\"e-con-inner\">\n\t\t\t\t<div class=\"elementor-element elementor-element-44e7db8 elementor-widget elementor-widget-html\" data-id=\"44e7db8\" data-element_type=\"widget\" data-e-type=\"widget\" data-widget_type=\"html.default\">\n\t\t\t\t<div class=\"elementor-widget-container\">\n\t\t\t\t\t<iframe src=\"https:\/\/www.fotostudio.io\/lead_forms\/8288\" width=\"100%\" height=\"1080\" frameborder=\"0\" allowfullscreen=\"allowfullscreen\"><\/iframe>\t\t\t\t<\/div>\n\t\t\t\t<\/div>\n\t\t\t\t\t<\/div>\n\t\t\t\t<\/div>\n\t\t\t\t<section class=\"elementor-section elementor-top-section elementor-element elementor-element-28e1066 elementor-section-full_width elementor-section-height-default elementor-section-height-default\" data-id=\"28e1066\" data-element_type=\"section\" data-e-type=\"section\">\n\t\t\t\t\t\t<div class=\"elementor-container elementor-column-gap-no\">\n\t\t\t\t\t<div class=\"elementor-column elementor-col-100 elementor-top-column elementor-element elementor-element-4cf787f\" data-id=\"4cf787f\" data-element_type=\"column\" data-e-type=\"column\">\n\t\t\t<div class=\"elementor-widget-wrap elementor-element-populated\">\n\t\t\t\t\t\t<div class=\"elementor-element elementor-element-749f009 elementor-widget elementor-widget-google_maps\" data-id=\"749f009\" data-element_type=\"widget\" data-e-type=\"widget\" data-widget_type=\"google_maps.default\">\n\t\t\t\t<div class=\"elementor-widget-container\">\n\t\t\t\t\t\t\t<div class=\"elementor-custom-embed\">\n\t\t\t<iframe loading=\"lazy\"\n\t\t\t\t\tsrc=\"https:\/\/maps.google.com\/maps?q=Villiers-en-Plaine&#038;t=m&#038;z=10&#038;output=embed&#038;iwloc=near\"\n\t\t\t\t\ttitle=\"Villiers-en-Plaine\"\n\t\t\t\t\taria-label=\"Villiers-en-Plaine\"\n\t\t\t><\/iframe>\n\t\t<\/div>\n\t\t\t\t\t\t<\/div>\n\t\t\t\t<\/div>\n\t\t\t\t\t<\/div>\n\t\t<\/div>\n\t\t\t\t\t<\/div>\n\t\t<\/section>\n\t\t<div class=\"elementor-element elementor-element-03d6787 e-flex e-con-boxed e-con e-parent\" data-id=\"03d6787\" data-element_type=\"container\" data-e-type=\"container\">\n\t\t\t\t\t<div class=\"e-con-inner\">\n\t\t\t\t\t<\/div>\n\t\t\t\t<\/div>\n\t\t<div class=\"elementor-element elementor-element-f2dc724 e-flex e-con-boxed e-con e-parent\" data-id=\"f2dc724\" data-element_type=\"container\" data-e-type=\"container\">\n\t\t\t\t\t<div class=\"e-con-inner\">\n\t\t\t\t<div class=\"elementor-element elementor-element-246f4df elementor-widget elementor-widget-heading\" data-id=\"246f4df\" data-element_type=\"widget\" data-e-type=\"widget\" data-widget_type=\"heading.default\">\n\t\t\t\t<div class=\"elementor-widget-container\">\n\t\t\t\t\t<h2 class=\"elementor-heading-title elementor-size-default\">Prestation vid\u00e9o dans tout le Grand Ouest.<\/h2>\t\t\t\t<\/div>\n\t\t\t\t<\/div>\n\t\t\t\t\t<\/div>\n\t\t\t\t<\/div>\n\t\t\t\t<\/div>\n\t\t","protected":false},"excerpt":{"rendered":"<p>Contact &#8211; Devis Vid\u00e9aste Prestation vid\u00e9o dans tout le Grand Ouest.<\/p>\n","protected":false},"author":1,"featured_media":1033,"parent":0,"menu_order":0,"comment_status":"closed","ping_status":"closed","template":"templates\/template-fullscreen.php","meta":{"footnotes":""},"class_list":["post-2653","page","type-page","status-publish","has-post-thumbnail","hentry"],"acf":[],"yoast_head":"<!-- This site is optimized with the Yoast SEO plugin v27.5 - https:\/\/yoast.com\/product\/yoast-seo-wordpress\/ -->\n<title>Contact - Devis - Vid\u00e9aste Professionnel<\/title>\n<meta name=\"robots\" content=\"index, follow, max-snippet:-1, max-image-preview:large, max-video-preview:-1\" \/>\n<link rel=\"canonical\" href=\"https:\/\/www.clipweb.fr\/videaste\/contact-devis-videaste\/\" \/>\n<meta property=\"og:locale\" content=\"fr_FR\" \/>\n<meta property=\"og:type\" content=\"article\" \/>\n<meta property=\"og:title\" content=\"Contact - Devis - Vid\u00e9aste Professionnel\" \/>\n<meta property=\"og:description\" content=\"Contact &#8211; Devis Vid\u00e9aste Prestation vid\u00e9o dans tout le Grand Ouest.\" \/>\n<meta property=\"og:url\" content=\"https:\/\/www.clipweb.fr\/videaste\/contact-devis-videaste\/\" \/>\n<meta property=\"og:site_name\" content=\"Vid\u00e9aste Professionnel\" \/>\n<meta property=\"article:publisher\" content=\"https:\/\/www.facebook.com\/ClipWeb.fr\" \/>\n<meta property=\"article:modified_time\" content=\"2024-03-02T00:06:06+00:00\" \/>\n<meta property=\"og:image\" content=\"https:\/\/www.clipweb.fr\/videaste\/wp-content\/uploads\/2020\/01\/top-contact.jpg\" \/>\n\t<meta property=\"og:image:width\" content=\"1920\" \/>\n\t<meta property=\"og:image:height\" content=\"1080\" \/>\n\t<meta property=\"og:image:type\" content=\"image\/jpeg\" \/>\n<meta name=\"twitter:card\" content=\"summary_large_image\" \/>\n<meta name=\"twitter:label1\" content=\"Dur\u00e9e de lecture estim\u00e9e\" \/>\n\t<meta name=\"twitter:data1\" content=\"1 minute\" \/>\n<script type=\"application\/ld+json\" class=\"yoast-schema-graph\">{\"@context\":\"https:\\\/\\\/schema.org\",\"@graph\":[{\"@type\":\"WebPage\",\"@id\":\"https:\\\/\\\/www.clipweb.fr\\\/videaste\\\/contact-devis-videaste\\\/\",\"url\":\"https:\\\/\\\/www.clipweb.fr\\\/videaste\\\/contact-devis-videaste\\\/\",\"name\":\"Contact - Devis - Vid\u00e9aste Professionnel\",\"isPartOf\":{\"@id\":\"https:\\\/\\\/www.clipweb.fr\\\/videaste\\\/#website\"},\"primaryImageOfPage\":{\"@id\":\"https:\\\/\\\/www.clipweb.fr\\\/videaste\\\/contact-devis-videaste\\\/#primaryimage\"},\"image\":{\"@id\":\"https:\\\/\\\/www.clipweb.fr\\\/videaste\\\/contact-devis-videaste\\\/#primaryimage\"},\"thumbnailUrl\":\"https:\\\/\\\/www.clipweb.fr\\\/videaste\\\/wp-content\\\/uploads\\\/2020\\\/01\\\/top-contact.jpg\",\"datePublished\":\"2024-01-01T11:52:50+00:00\",\"dateModified\":\"2024-03-02T00:06:06+00:00\",\"breadcrumb\":{\"@id\":\"https:\\\/\\\/www.clipweb.fr\\\/videaste\\\/contact-devis-videaste\\\/#breadcrumb\"},\"inLanguage\":\"fr-FR\",\"potentialAction\":[{\"@type\":\"ReadAction\",\"target\":[\"https:\\\/\\\/www.clipweb.fr\\\/videaste\\\/contact-devis-videaste\\\/\"]}]},{\"@type\":\"ImageObject\",\"inLanguage\":\"fr-FR\",\"@id\":\"https:\\\/\\\/www.clipweb.fr\\\/videaste\\\/contact-devis-videaste\\\/#primaryimage\",\"url\":\"https:\\\/\\\/www.clipweb.fr\\\/videaste\\\/wp-content\\\/uploads\\\/2020\\\/01\\\/top-contact.jpg\",\"contentUrl\":\"https:\\\/\\\/www.clipweb.fr\\\/videaste\\\/wp-content\\\/uploads\\\/2020\\\/01\\\/top-contact.jpg\",\"width\":1920,\"height\":1080},{\"@type\":\"BreadcrumbList\",\"@id\":\"https:\\\/\\\/www.clipweb.fr\\\/videaste\\\/contact-devis-videaste\\\/#breadcrumb\",\"itemListElement\":[{\"@type\":\"ListItem\",\"position\":1,\"name\":\"Accueil\",\"item\":\"https:\\\/\\\/www.clipweb.fr\\\/videaste\\\/\"},{\"@type\":\"ListItem\",\"position\":2,\"name\":\"Contact &#8211; Devis\"}]},{\"@type\":\"WebSite\",\"@id\":\"https:\\\/\\\/www.clipweb.fr\\\/videaste\\\/#website\",\"url\":\"https:\\\/\\\/www.clipweb.fr\\\/videaste\\\/\",\"name\":\"Vid\u00e9aste Professionnel\",\"description\":\"Production Vid\u00e9o - Captation Vid\u00e9o\",\"publisher\":{\"@id\":\"https:\\\/\\\/www.clipweb.fr\\\/videaste\\\/#organization\"},\"potentialAction\":[{\"@type\":\"SearchAction\",\"target\":{\"@type\":\"EntryPoint\",\"urlTemplate\":\"https:\\\/\\\/www.clipweb.fr\\\/videaste\\\/?s={search_term_string}\"},\"query-input\":{\"@type\":\"PropertyValueSpecification\",\"valueRequired\":true,\"valueName\":\"search_term_string\"}}],\"inLanguage\":\"fr-FR\"},{\"@type\":\"Organization\",\"@id\":\"https:\\\/\\\/www.clipweb.fr\\\/videaste\\\/#organization\",\"name\":\"Vid\u00e9aste Professionnel\",\"url\":\"https:\\\/\\\/www.clipweb.fr\\\/videaste\\\/\",\"logo\":{\"@type\":\"ImageObject\",\"inLanguage\":\"fr-FR\",\"@id\":\"https:\\\/\\\/www.clipweb.fr\\\/videaste\\\/#\\\/schema\\\/logo\\\/image\\\/\",\"url\":\"https:\\\/\\\/www.clipweb.fr\\\/videaste\\\/wp-content\\\/uploads\\\/2023\\\/12\\\/ClipWeb-fr_REFELXHAUT_2312a_250x75n.png\",\"contentUrl\":\"https:\\\/\\\/www.clipweb.fr\\\/videaste\\\/wp-content\\\/uploads\\\/2023\\\/12\\\/ClipWeb-fr_REFELXHAUT_2312a_250x75n.png\",\"width\":250,\"height\":75,\"caption\":\"Vid\u00e9aste Professionnel\"},\"image\":{\"@id\":\"https:\\\/\\\/www.clipweb.fr\\\/videaste\\\/#\\\/schema\\\/logo\\\/image\\\/\"},\"sameAs\":[\"https:\\\/\\\/www.facebook.com\\\/ClipWeb.fr\",\"https:\\\/\\\/www.instagram.com\\\/clipweb.fr\"]}]}<\/script>\n<!-- \/ Yoast SEO plugin. -->","yoast_head_json":{"title":"Contact - Devis - Vid\u00e9aste Professionnel","robots":{"index":"index","follow":"follow","max-snippet":"max-snippet:-1","max-image-preview":"max-image-preview:large","max-video-preview":"max-video-preview:-1"},"canonical":"https:\/\/www.clipweb.fr\/videaste\/contact-devis-videaste\/","og_locale":"fr_FR","og_type":"article","og_title":"Contact - Devis - Vid\u00e9aste Professionnel","og_description":"Contact &#8211; Devis Vid\u00e9aste Prestation vid\u00e9o dans tout le Grand Ouest.","og_url":"https:\/\/www.clipweb.fr\/videaste\/contact-devis-videaste\/","og_site_name":"Vid\u00e9aste Professionnel","article_publisher":"https:\/\/www.facebook.com\/ClipWeb.fr","article_modified_time":"2024-03-02T00:06:06+00:00","og_image":[{"width":1920,"height":1080,"url":"https:\/\/www.clipweb.fr\/videaste\/wp-content\/uploads\/2020\/01\/top-contact.jpg","type":"image\/jpeg"}],"twitter_card":"summary_large_image","twitter_misc":{"Dur\u00e9e de lecture estim\u00e9e":"1 minute"},"schema":{"@context":"https:\/\/schema.org","@graph":[{"@type":"WebPage","@id":"https:\/\/www.clipweb.fr\/videaste\/contact-devis-videaste\/","url":"https:\/\/www.clipweb.fr\/videaste\/contact-devis-videaste\/","name":"Contact - Devis - Vid\u00e9aste Professionnel","isPartOf":{"@id":"https:\/\/www.clipweb.fr\/videaste\/#website"},"primaryImageOfPage":{"@id":"https:\/\/www.clipweb.fr\/videaste\/contact-devis-videaste\/#primaryimage"},"image":{"@id":"https:\/\/www.clipweb.fr\/videaste\/contact-devis-videaste\/#primaryimage"},"thumbnailUrl":"https:\/\/www.clipweb.fr\/videaste\/wp-content\/uploads\/2020\/01\/top-contact.jpg","datePublished":"2024-01-01T11:52:50+00:00","dateModified":"2024-03-02T00:06:06+00:00","breadcrumb":{"@id":"https:\/\/www.clipweb.fr\/videaste\/contact-devis-videaste\/#breadcrumb"},"inLanguage":"fr-FR","potentialAction":[{"@type":"ReadAction","target":["https:\/\/www.clipweb.fr\/videaste\/contact-devis-videaste\/"]}]},{"@type":"ImageObject","inLanguage":"fr-FR","@id":"https:\/\/www.clipweb.fr\/videaste\/contact-devis-videaste\/#primaryimage","url":"https:\/\/www.clipweb.fr\/videaste\/wp-content\/uploads\/2020\/01\/top-contact.jpg","contentUrl":"https:\/\/www.clipweb.fr\/videaste\/wp-content\/uploads\/2020\/01\/top-contact.jpg","width":1920,"height":1080},{"@type":"BreadcrumbList","@id":"https:\/\/www.clipweb.fr\/videaste\/contact-devis-videaste\/#breadcrumb","itemListElement":[{"@type":"ListItem","position":1,"name":"Accueil","item":"https:\/\/www.clipweb.fr\/videaste\/"},{"@type":"ListItem","position":2,"name":"Contact &#8211; Devis"}]},{"@type":"WebSite","@id":"https:\/\/www.clipweb.fr\/videaste\/#website","url":"https:\/\/www.clipweb.fr\/videaste\/","name":"Vid\u00e9aste Professionnel","description":"Production Vid\u00e9o - Captation Vid\u00e9o","publisher":{"@id":"https:\/\/www.clipweb.fr\/videaste\/#organization"},"potentialAction":[{"@type":"SearchAction","target":{"@type":"EntryPoint","urlTemplate":"https:\/\/www.clipweb.fr\/videaste\/?s={search_term_string}"},"query-input":{"@type":"PropertyValueSpecification","valueRequired":true,"valueName":"search_term_string"}}],"inLanguage":"fr-FR"},{"@type":"Organization","@id":"https:\/\/www.clipweb.fr\/videaste\/#organization","name":"Vid\u00e9aste Professionnel","url":"https:\/\/www.clipweb.fr\/videaste\/","logo":{"@type":"ImageObject","inLanguage":"fr-FR","@id":"https:\/\/www.clipweb.fr\/videaste\/#\/schema\/logo\/image\/","url":"https:\/\/www.clipweb.fr\/videaste\/wp-content\/uploads\/2023\/12\/ClipWeb-fr_REFELXHAUT_2312a_250x75n.png","contentUrl":"https:\/\/www.clipweb.fr\/videaste\/wp-content\/uploads\/2023\/12\/ClipWeb-fr_REFELXHAUT_2312a_250x75n.png","width":250,"height":75,"caption":"Vid\u00e9aste Professionnel"},"image":{"@id":"https:\/\/www.clipweb.fr\/videaste\/#\/schema\/logo\/image\/"},"sameAs":["https:\/\/www.facebook.com\/ClipWeb.fr","https:\/\/www.instagram.com\/clipweb.fr"]}]}},"_links":{"self":[{"href":"https:\/\/www.clipweb.fr\/videaste\/wp-json\/wp\/v2\/pages\/2653","targetHints":{"allow":["GET"]}}],"collection":[{"href":"https:\/\/www.clipweb.fr\/videaste\/wp-json\/wp\/v2\/pages"}],"about":[{"href":"https:\/\/www.clipweb.fr\/videaste\/wp-json\/wp\/v2\/types\/page"}],"author":[{"embeddable":true,"href":"https:\/\/www.clipweb.fr\/videaste\/wp-json\/wp\/v2\/users\/1"}],"replies":[{"embeddable":true,"href":"https:\/\/www.clipweb.fr\/videaste\/wp-json\/wp\/v2\/comments?post=2653"}],"version-history":[{"count":32,"href":"https:\/\/www.clipweb.fr\/videaste\/wp-json\/wp\/v2\/pages\/2653\/revisions"}],"predecessor-version":[{"id":3072,"href":"https:\/\/www.clipweb.fr\/videaste\/wp-json\/wp\/v2\/pages\/2653\/revisions\/3072"}],"wp:featuredmedia":[{"embeddable":true,"href":"https:\/\/www.clipweb.fr\/videaste\/wp-json\/wp\/v2\/media\/1033"}],"wp:attachment":[{"href":"https:\/\/www.clipweb.fr\/videaste\/wp-json\/wp\/v2\/media?parent=2653"}],"curies":[{"name":"wp","href":"https:\/\/api.w.org\/{rel}","templated":true}]}}